.
-13
Evaluate -63 + (37 - (34 + -23)) + -34.
-71
What is 40 + 23 - 45 - (33 + -5)?
-10
Calculate 134 + -7 + -207 + 47.
-33
Calculate (-21 - -5 - -8) + -3 + 55.
44
Calculate -26 + (46 + -26 - 4) - (65 - -1).
-76
Evaluate 1 - ((21 - (-9 + 6 + 3)) + -2).
-18
-9 + 0 + (-1902 - -1907)
-4
What is the value of (0 - ((-7 - -3) + 59 + -40)) + 43?
28
Evaluate -70 - (-205 + (120 - 69)).
84
Calculate (9 - (-2 - -5)) + (25 - 47) + 38.
22
Evaluate -19 + (111 + 2 - 70).
24
What is 110 - 88 - (19 - -3) - 4?
-4
-8 + (-8 - -18) + 18 + 5 + -4
21
Calculate (18 - (4 - 6)) + 117 + (-139 - -36).
34
Evaluate (-55 - -80) + -351 + 223.
-103
-29 - 78 - (-38 - (-53 - -23))
-99
What is 11 + (-36 - -44) + (1 - 5 - 53)?
-38
Evaluate 5 + -3 - -19 - 5 - (431 - 281).
-134
What is -61 + (57 - 11) + 9?
-6
What is -1 - 49 - (-3420 + 3350)?
20
Evaluate (-3 + -7 - -52) + -5 + (12 - 7) + 10.
52
Calculate 8 + (-16 - (43 + -58)).
7
-19 - (-62 - -20) - (-26 + 45)
4
Evaluate (5 + -15 + 13 - ((0 - -6) + -2)) + 87.
86
-48 - (-78 + -15 + 40)
5
What is the value of -7 - (-7 + (45 - 3) + (-43 - -46))?
-45
What is the value of -7 - (-218 - -226 - (27 + 0))?
12
Calculate -24 + (-3 + 75 - 41).
7
Calculate 89 + (80 - (157 - 4)).
16
What is -1 + 86 + 1 + (-37817 - -37829)?
98
What is -3 + -2 + -1 - ((-52 - 11) + 12 + 5)?
40
Evaluate 3097 - 3088 - (-1 - -18).
-8
Calculate (30 - (16 + -4 + (-5 - -4))) + 9.
28
-47 + 25 + 10 + 48
36
(-74 - -7) + (90 + -35 - 34)
-46
Evaluate (51 - 34 - (-5 + 5 - -7)) + -25.
-15
What is the value of 99 + -34 - 43 - 40?
-18
What is -3 + (2 - 16) - (21 - 12 - 11 - -7)?
-22
What is the value of -220 + 13 - (290 + -365)?
-132
7 + (-3 - 1) + 10 - (11 - (-40 + -12))
-50
What is the value of (-2 - 53 - -17) + 38 + -30?
-30
Evaluate (144 - 201) + 14 + 5 + -6.
-44
Evaluate 0 + -11 + (31 + 1 - 63) + -6 + 2.
-46
(63 - (39 + 106)) + 3 + -14 + 0
-93
Evaluate 2 - ((12 - 2 - (0 + -68)) + 9).
-85
Evaluate (5 - 0) + -23 - (83 - 118).
17
What is the value of (-22556 - -22426) + (146 - 0)?
16
Calculate -151 + 145 + -10 + 2 + 5.
-9
33 + (-4 - (-72 + 54))
47
What is the value of (-1 - (-10 + 35)) + (628 - 700)?
-98
Evaluate 3 + -59 - (-38 + -4).
-14
What is (-5 + -4 - 4 - 13) + -10 - (-4 - 6)?
-26
What is (-11 - -3 - (-1 - 0)) + (-15 - -24 - -65)?
67
What is the value of (-266 - -259 - (3 + 1 + -42 - 3)) + 1?
35
Evaluate -16 + 13 + -32 + -9.
-44
49 + -42 + -43 + -9 + 99
54
What is the value of (-4 - 2) + ((-6 - -17 - -7) + 14 - 2)?
24
What is the value of 23 + -13 + -87 + 65?
-12
What is the value of -1 + -2 + (-13 - -8) + -6 + 0 + -32?
-46
Evaluate -38 - -43 - (24 - (1 + 4)).
-14
What is (20 - -76) + -78 - 5?
13
Calculate -2 + 1 + -52 + 41 + 4 + -1.
-9
Evaluate 214 + -166 + -76 + -2.
-30
What is 40 - (-38 - (6 + -22 + -3)) - 2?
57
-2 + 1 - 102 - (78 + (-29 - (29 - -30)))
-93
Calculate (5 - 0 - (-2 - 61)) + 12 + -7.
73
What is the value of 79 + (3 - (13 + (4 - (17 - 5)) + -11))?
88
Calculate -47 - ((1 - (13 + -24)) + -11).
-48
Evaluate -1 + 0 + -2 + (63 - (116 - 5)).
-51
-58 - (49 + -294 - -166)
21
Evaluate -38 + 28 + -63 + -21 + -8.
-102
What is the value of -67 - (-187 - (-139 + 14))?
-5
Calculate 96 + -120 + 20 - (65 + 2 - -2).
-73
Calculate ((5 - -8) + -19 - 2 - 2) + (-8 - -46).
28
What is 45 - (21 + -172 - -276)?
-80
Evaluate -126 + 82 - (-1 + -1) - (14 + -18).
-38
What is the value of -13 + -3 - (-196 - -302)?
-122
Calculate 0 - 11 - (-46 - (-47 - -15)) - 1.
2
What is 7 - (-2 - (2 + -3)) - (-88 + (-80 - -128))?
48
What is the value of 88 + 63 + -42 + -46?
63
What is the value of (10 - -18) + (11 - 10) - 52?
-23
What is (115 + -106 - (0 + 5)) + (-67 - 20)?
-83
Calculate 2 + 3 + (0 - -8) + (-22 - -32) - -16.
39
Calculate (-239 - -113 - -115) + (-1 - 51).
-63
Evaluate -13 + (-4 - -4 - (-22 + 66)).
-57
What is -28 + 57 + -47 + (27 - 4)?
5
What is (-463 - -561) + 0 + 7 - (1 + 0 - -11)?
93
Calculate 146 - (-48 - -117) - -14.
91
13 - ((23 - (30 - -3)) + 0 + (-7 - -93))
-63
Evaluate (0 - 1) + 101 + (15 - (-4 + (27 - 7))).
99
What is the value of -20 - (-41 + -20 + 27) - -79 - 4?
89
3 - (10 + -6) - (-59 - -61) - 11
-14
What is the value of 10 + -4 + (-23 - -23)?
6
Calculate -26 + -9 + -3 + (4 - (-11 + -4)).
-19
What is the value of 17 - (-3 - (-7 - 0)) - -4 - 0?
17
What is the value of (4 - 0) + (6 + 16 - 1) + -31?
-6
Calculate (-8 - (6 - 2) - (19 - 0)) + -13.
-44
What is (-4 + 8 + (2 - 7) - -10) + -3 + -31?
-25
-45 + (-1 - (13 + (-5 - 1))) + 29 + -19
-43
Evaluate 23 + -6 + 69 - 49.
37
Calculate (18 - (-53 - -15)) + (0 - 31).
25
Calculate (17 - 4) + -112 + 95 - -19.
15
What is the value of -53 + (55 - 21 - -20)?
1
Calculate (-5 - -3) + 9 + 1 + -15 + 17.
10
-7 + 68 - (6 + -23) - (2 - 6)
82
What is the value of 63 - (56 + -51 + 16)?
42
What is (14 - 27 - (1 - 2) - -15) + 23?
26
Evaluate 18 + -52 + 72 + -39.
-1
Evaluate 102 + (-11 - (0 - 0)) + (-13 - -143 - 125).
96
Evaluate 0 + (1 - -2 - (14 + -1)) - (114 - 145).
21
What is the value of -65 + 8 + 2 + -10 + 5 - -6?
-54
Calculate (-23 - -17) + (6 - (4 + -9 + (6 - 4))).
3
What is -5 + (-41 - -3) + 74 + -69?
-38
Calculate -29 + -3 + (59 - 17 - 45).
-35
42 + (0 - -1) - (-570 - -578) - -2
37
What is the value of (-79 - -1) + (-19 - (-1 - 6 - (143 - 131)))?
-78
(7 - 7) + -1 + 65 - (-22 - -14 - -10)
62
Calculate 0 + (17 + -5 + -3 - 0) + -41.
-32
-163 + 187 - (-1 + 12)
13
What is the value of -3 + (11 - (7 - (-33 + 3)) - 2)?
-31
What is 1 - 24 - (-728 - -742) - 5?
-42
Calculate -78 + 10 + 5 - (3 + 1).
-67
Calculate (-66 - (-2 + -97)) + (-5 - (0 + -4)).
32
-509 + 491 + (-4 - 3 - 4 - -2)
-27
Calculate 2 - (57 + -40 + -101 - (-14 + 2 + -3)).
71
What is the value of -41 - (-58 + -14 - 68)?
99
Evaluate (-15 - (16 - (70 - 38))) + 89.
90
Evaluate 0 + (4 - (5 - -12)) + -112 + 52.
-73
Calculate -35 + 36 + -24 + 20 - (45 + -1).
-47
What is the value of -16 - (-4 - 17) - (-32 + 16)?
21
What is the value of 50 + -1 + (9 - (-9 + 19 + 13))?
35
Calculate (-64 - 1) + (-66 - -71) + 14 + -3.
-49
What is 4 + 104 + -404 + 409?
113
18 + (-5 - -2) - (8 + -22 - 8)
37
Calculate (1 - (13 + 0)) + -264 + 319 + (0 - -13).
56
Evaluate 10 + 14 + 0 + (63 - 119) - 0.
-32
What is the value of (31 + -10 - (-1 + 14)) + (72 + 1 - 6)?
75
What is the value of -4 - (-61 + 33 + 26 + 26)?
-28
773 + -816 - (-53 + 6)
4
Calculate -27 + ((-20 - -11) + 26 - 34).
-44
What is the value of 26 + -5 + -3 - -14?
32
What is 22 + 2 - (37 - 49) - (13 + -26)?
49
Evaluate -92 - -137 - -50 - -2.
97
Evaluate -6 + (74 - 55) + -95 + 3 + -5.
-84
What is -14 - (2810 + -2788 + -1 + -1 + -1)?
-33
13 + (-3 - 0) + (20 - (25 - 1) - 107)
-101
52 + 1 + -38 + 24
39
What is -1354 - -1324 - (1 + -5)?
-26
87 - (37 + -66 + 50) - (-1 + 12)
55
What is the value of 17 - ((-7 - (21 + -16)) + 15) - 124?
-110
Evaluate (35 + -54 - (2 - -6)) + 18.
-9
What is the value of 45 - 29 - (34 - 66)?
48
(2 - 0) + (-12 - 5) + -3 + 10
-8
Calculate -23 + -35 - (-5 - ((-8 - 0) + 8)) - -1.
-52
What is -13 - (30 + 9 + -30 - (0 + -1))?
-23
What is the value of -10 + (10 - 5) + 18 - (10 - -68)?
-65
Evaluate 182 - 226 - (22 + -8 + -7).
-51
(0 - (-2 + 33)) + 4 + (-15 - (-25 + 14))
-31
0 - 53 - ((1 - -11) + (-1801 - -1782))
-46
Evaluate 1799 + -1813 - (-128 + -9).
123
5 - (52 + (8 - 2) + -5 + (3 - 1))
-50
Evaluate (204 - 50 - 308) + (34 - 1).
-121
(-65 - (-4 - -2)) + (10 - -46) + (2 - 54)
-59
What is (29 + -13 - -5) + 16 - -3?
40
-2 - -28 - (19 - (-44 + 65))
28
-19 + -158 - -171 - (86 - 2)
-90
8 + 13 + (26 - 42) + 25
30
Calculate 895 - 923 - (-71 + 1) - ((9 - -2) + -1).
32
What is 65 - 49 - (131 - 23)?
-92
8 + (-26 - (11 + -31)) - 33
-31
Calculate 10 - (-20 + (-14 - -27) + 4 + 22).
-9
Evaluate (0 + 6 - 68) + 61 + (-81 - -8).
-74
What is the value of 13 - 35 - (43 + (6 - 30))?
-41
-3 + 10 - ((-49 - -30) + -59) - 2
83
Calculate -28 + -20 - (6 + 7).
-61
-69 + -14 + 31 + -20 + 6 + (8 - 1)
-59
Calculate 31 - ((24 - 5) + -9).
21
What is the value of 3 - (16 + (-13 - 9) + 8) - 109?
-108
What is the value of ((52 - 2) + 6 - 65) + (36 - 0)?
27
Calculate (-10 - -37 - 15) + (14 - (-1 + 3)).
24
(-2307 - -2270) + -1 + (1 + -2 - 7)
-46
What is the value of 122 + (-53 - (115 + -73))?
27
-40 + (60 + -23 - 19) + -2 - 20
-44
Evaluate -3 + (47 - (2 + (6 - 2 - -5))).
33
Evaluate -132 + (24 - 13 - -69).
-52
Evaluate (18 - ((13 - (16 + (4 - -1))) + 12)) + -138.
-124
Eva